hen y is divided by 10.
9
Suppose 3*p + z = 17, 4*p - 4*z - 12 - 16 = 0. Suppose 3*c + c = -t + 8, 4*t = 2*c - 4. What is the remainder when p is divided by c?
0
Let b = 32 + -54. Let r = b + 16. What is the remainder when 1896/27 + r/27 is divided by 18?
16
Suppose 2*u - 6*u = -104. Suppose 2*z - u - 9 = -5*t, t - 20 = -3*z. Let l = 13 + z. What is the remainder when 50 is divided by l?
14
Suppose -5*g + 0*g + 550 = 0. Suppose -g + 30 = -4*f. Suppose t = 3*q + 39, -t + 214 = -4*q + 181. What is the remainder when t is divided by f?
17
Suppose 0 = -2*o + 6. Suppose -4 = -o*w + 8. Suppose -2*g + w*u + 16 = 0, -u - 18 = -5*g - 2*u. Calculate the remainder when 11 is divided by g.
3
Suppose 28*m = 23*m + 80. What is the remainder when m is divided by 8?
0
Suppose -s + 3*s + m = -35, -90 = 4*s - 2*m. Let z(q) = 2*q + 32. What is the remainder when (-2 + 1)*(s + 1) is divided by z(-11)?
9
Let p = -419 + 607. What is the remainder when p is divided by 62?
2
Let p(q) = -q**3 - q**2 - 2*q - 2. Suppose -38*k + 46*k - 80 = 0. Calculate the remainder when k is divided by p(-2).
4
Suppose -16*y + 1277 = -435. What is the remainder when y is divided by 96?
11
Calculate the remainder when (-1)/(-4)*(-2184)/(-21) is divided by 14.
12
Let s = 61 - 10. What is the remainder when 244 is divided by 2/17 - (-2493)/s?
48
Let r = -47 + 135. Suppose z - 5*k - 2 = 0, 3 = z - 3*k - 9. Let p(u) = 2*u**2 - 52*u - 36. Calculate the remainder when r is divided by p(z).
16
Let o be -7 + -1 + 4 + 3 + 1. Suppose -5*f = s - 2*s + 2, -4*s - 5*f + 83 = o. What is the remainder when 47 is divided by s?
13
Suppose 0 = 4*d - 5*d + 36. Suppose 14 + d = 5*r. Calculate the remainder when ((-29)/(-2))/((-1)/(-2)) is divided by r.
9
Let r(n) = -2*n**3 + 28*n**2 - 17*n + 46. Calculate the remainder when r(11) is divided by 4.
1
Let v = 3 - 0. Suppose 2*d - d - f = 0, 2*d = f + 3. Suppose -v*i = 2*k - 173, i + 2*i - d*k = 183. What is the remainder when i is divided by 15?
14
Let g be (-32)/(-18) + (-2)/(-9). Suppose -3*p + 40 = d, g*p + 121 = 5*d - 147. What is the remainder when d is divided by 28?
24
Let z = 1104 - 1087. What is the remainder when 232 is divided by z?
11
Let p(n) = -2*n - 18. What is the remainder when 97 is divided by p(-20)?
9
Let s be 301/5 + (-3)/15. Suppose u = -5*u + s. Calculate the remainder when 36 is divided by u.
6
Let s = 282 + 15. Suppose -5*g = -3*z + s, 0*z + 5*g - 327 = -3*z. Suppose q - z = 5*w, -w - 300 = -3*q + 2*w. What is the remainder when q is divided by 25?
24
Suppose -17*y - h - 146 = -22*y, h - 4 = 0. Calculate the remainder when 59 is divided by y.
29
Suppose 0*t = -4*t + i + 53, -i = 4*t - 43. Let v = t - -19. What is the remainder when v is divided by 8?
7
Suppose 3*j = 3*l + 63, -14*l = 2*j - 11*l - 17. What is the remainder when 1*(59 + 1*-1) is divided by j?
10
Let u = 28 + 21. Suppose -5*p + u = 4*w, 3*w + 2*w - 95 = 5*p. Calculate the remainder when w is divided by 6.
4
Let d(m) = -20*m - 3. Let n be d(3). What is the remainder when (-1 + 7)*6/(-12) - n is divided by 16?
12
Suppose 0 = -8*j - 37 + 149. Let u(h) = 7*h - 5. Let i be u(-7). Let g = i - -123. Calculate the remainder when g is divided by j.
13
Let q = -57 - -25. Let h = q + 74. Calculate the remainder when h is divided by 6/(-3) - (-24 + 0).
20
Let u be (-29)/(-1)*20/4. Suppose 5*y + 5*i - 215 = 0, -4*y + y + u = -5*i. What is the remainder when y is divided by 25?
20
Let p(i) = i**3 - i - 18. Let z be p(0). Let g = -13 - z. Suppose -g*y = -2*a - 10, -3*y + y - a = -13. Calculate the remainder when y is divided by 2.
0
Let v = -561 - -968. Calculate the remainder when v is divided by 34.
33
What is the remainder when 41 is divided by (20/8 + -3)*-16?
1
Suppose 0 = -m + 2*m + 2*n - 26, 4*m - 3*n - 82 = 0. Suppose 2*a = -0*a + m. Calculate the remainder when ((-36)/16 - -3)/((-2)/(-56)) is divided by a.
10
Let x(w) = 5*w**3 - w + 1. Let z be x(1). Suppose -z*h = -3*h - 32. What is the remainder when 47 is divided by h?
15
Suppose -3*t + 17 = 2*d, -6*t = -5*t + 2*d + 1. Let n = -12 - -13. Calculate the remainder when t is divided by n.
0
Let y be 8/(-6)*((-189)/14)/9. Suppose -u - 2*z - 25 = -70, y*z = 6. Calculate the remainder when u is divided by 9.
3
Suppose p + p = -5*n + 20, 0 = 5*p - 25. Calculate the remainder when 175 is divided by n.
1
Let s(p) = -p**3 - 14*p**2 - 16*p - 16. Let x be s(-13). Suppose 0 = -x*w + 30*w - 315. Calculate the remainder when w is divided by 10.
5
Suppose 2*y = 4*y - 5*x + 3, -5*x = -25. Let m = 21 - 18. Suppose 8*r - 210 = m*r. What is the remainder when r is divided by y?
9
Suppose -3*y - 17 = -2*g, 0 = 4*y - 9*y + g - 26. Let w = -7 - y. Let r(v) = -14*v - 2. Calculate the remainder when 77 is divided by r(w).
25
Suppose -14*a - 5712 = -62*a. Calculate the remainder when a is divided by 31.
26
Let t = 32 - -10. Suppose -2*j = -30 - t. What is the remainder when (846/j)/((-1)/(-2)) is divided by 24?
23
Let w(h) be the second derivative of -3*h**3 + h**2 + 9*h. Calculate the remainder when w(-2) is divided by (6 + -5 + 1)*10.
18
Let i(u) = 3*u - 35. Calculate the remainder when 77 is divided by i(17).
13
Let l = -69 - -75. Calculate the remainder when -6*(-4 + 3)*3/l is divided by 2.
1
Let k = 2 - -6. Suppose b + 3*b - 12 = 4*z, 5*z + 5 = 0. Let f = b + k. Calculate the remainder when 29 is divided by f.
9
Let k be (-12)/28 + 51/21. Suppose 4 + 0 = -2*f, -4*x + 904 = k*f. Calculate the remainder when x is divided by 38.
37
Let g(n) = 2*n + 6. Let o(q) = q + 1. Let k(r) = -g(r) + 5*o(r). Calculate the remainder when (1 + -50)*(-1 + 0) is divided by k(6).
15
Let y(v) = -4*v - 22. Suppose 0 = -6*h + 4*h + 32. Calculate the remainder when y(-13) is divided by h.
14
Let s(q) = -q**3 + 17*q**2 - 43*q + 7. Calculate the remainder when 957 is divided by s(3).
1
Suppose -26*a = -0*a - 156. Calculate the remainder when 40 is divided by a.
4
Calculate the remainder when 87 - (1 + 9)/(-5) is divided by 25.
14
Suppose -280 = 5*j - 65. Let f = -12 - j. What is the remainder when f is divided by 58/7 + 6/(-21)?
7
Let k = 68 - 41. Suppose 49*q - 50*q + k = 0. Calculate the remainder when 78 is divided by q.
24
Suppose -8*k = -3*k + 2*p + 145, 4*k + 2*p = -118. Let f = -12 - k. Calculate the remainder when (24/20)/(2/45) is divided by f.
12
Calculate the remainder when 48 is divided by -8 + 12 - 38/(-2).
2
Calculate the remainder when (-1 + 23)*(-45 - -46) is divided by 12.
10
What is the remainder when ((-1883)/(-13) - 1) + 190/1235 is divided by 21?
18
Suppose -u - 67 + 106 = 0. Calculate the remainder when u is divided by 4.
3
Let c be ((-5)/(-10))/(((-1)/(-1))/(-24)). What is the remainder when 69 is divided by (-231)/c - 24/(-32)?
9
Let z be 1376/176 - (-4)/22. Suppose z + 70 = 2*q. What is the remainder when q is divided by 6?
3
Let a be ((-10)/(-6) + -1)*3. Suppose -6*o + 312 = a*o. What is the remainder when 76 is divided by o?
37
Suppose -4*w + 17*q - 22*q + 91 = 0, -4*w = 3*q - 85. Suppose 0*i - 4*i = -224. What is the remainder when i is divided by w?
18
Suppose 5*p - 18 = -2*c + 131, p - c - 27 = 0. Suppose 0 = -3*x - 12, -y = y + x - 26. What is the remainder when p is divided by y?
14
Let j(n) = n**3 + 7*n**2 + 7*n + 12. Let i be j(-6). Suppose 0 = -i*r - 0*r + 132. What is the remainder when r is divided by 7?
1
Suppose 4*h + b + 26 = -4, 5*h = 2*b - 44. Let v = 8 + 6. Calculate the remainder when (v - -14)*(-22)/h is divided by 16.
13
Suppose 0 = 2*m + 1 + 1, m = 5*p - 21. Let d = 6 - p. Suppose 0 = 4*v - d*o - 8, 3*v = -v + 4*o. What is the remainder when 15 is divided by v?
3
Let k(h) = h - 1. Let w be k(10). Suppose 0 = 11*b - 10*b - w. What is the remainder when 12 is divided by b?
3
Let z(p) = -4*p - 2. Let u be 5/(-20) - (-3 - (-11)/4). Let k(r) = -r**2 + 3*r + 6. What is the remainder when z(-3) is divided by k(u)?
4
Let t = 64 + -61. Suppose -1 = t*g - 13. What is the remainder when 7 is divided by g?
3
Let b be 1 - -10 - (1 - 1). Suppose -4*o = -b - 1. Suppose -15 + 47 = 4*h. What is the remainder when h is divided by o?
2
Suppose 13*w - 1652 = 350. Calculate the remainder when w is divided by 55.
44
Let j = 67 - 21. Suppose 5*a + 2*o = j, -34 = -5*a - 5*o + 7*o. What is the remainder when a is divided by 2?
0
Suppose 0 = -2*d 